{"id":6420,"date":"2022-12-06T13:08:15","date_gmt":"2022-12-06T12:08:15","guid":{"rendered":"http:\/\/pangee.org\/?page_id=6420"},"modified":"2023-03-20T11:43:11","modified_gmt":"2023-03-20T10:43:11","slug":"vous-etes-independant-ou-profession-liberale","status":"publish","type":"page","link":"https:\/\/pangee.org\/index.php\/vous-etes-independant-ou-profession-liberale\/","title":{"rendered":"Vous \u00eates Ind\u00e9pendant ou profession lib\u00e9rale"},"content":{"rendered":"\t\t<div data-elementor-type=\"wp-page\" data-elementor-id=\"6420\" class=\"elementor elementor-6420\">\n\t\t\t\t\t\t<section class=\"has-el-gap el-gap-default elementor-section elementor-top-section elementor-element elementor-element-4d1eff8 elementor-section-boxed elementor-section-height-default elementor-section-height-default\" data-id=\"4d1eff8\" data-element_type=\"section\">\n\t\t\t\t\t\t<div class=\"elementor-container elementor-column-gap-no\">\n\t\t\t\t\t<div class=\"elementor-column elementor-col-100 elementor-top-column elementor-element elementor-element-ed06875\" data-id=\"ed06875\" data-element_type=\"column\">\n\t\t\t<div class=\"elementor-widget-wrap elementor-element-populated\">\n\t\t\t\t\t\t<div class=\"elementor-element elementor-element-637ccda elementor-widget elementor-widget-spacer\" data-id=\"637ccda\" data-element_type=\"widget\" data-widget_type=\"spacer.default\">\n\t\t\t\t<div class=\"elementor-widget-container\">\n\t\t\t\t\t\t\t<div class=\"elementor-spacer\">\n\t\t\t<div class=\"elementor-spacer-inner\"><\/div>\n\t\t<\/div>\n\t\t\t\t\t\t<\/div>\n\t\t\t\t<\/div>\n\t\t\t\t\t<\/div>\n\t\t<\/div>\n\t\t\t\t\t<\/div>\n\t\t<\/section>\n\t\t\t\t<section class=\"has-el-gap el-gap-default elementor-section elementor-top-section elementor-element elementor-element-9392a5f elementor-section-boxed elementor-section-height-default elementor-section-height-default\" data-id=\"9392a5f\" data-element_type=\"section\">\n\t\t\t\t\t\t<div class=\"elementor-container elementor-column-gap-no\">\n\t\t\t\t\t<div class=\"elementor-column elementor-col-100 elementor-top-column elementor-element elementor-element-4c523e8\" data-id=\"4c523e8\" data-element_type=\"column\">\n\t\t\t<div class=\"elementor-widget-wrap elementor-element-populated\">\n\t\t\t\t\t\t<div class=\"elementor-element elementor-element-b6a28a4 elementor-widget elementor-widget-heading\" data-id=\"b6a28a4\" data-element_type=\"widget\" data-widget_type=\"heading.default\">\n\t\t\t\t<div class=\"elementor-widget-container\">\n\t\t\t\t\t<h1 class=\"elementor-heading-title elementor-size-default\">FINANCEMENT DES FORMATIONS<\/h1>\t\t\t\t<\/div>\n\t\t\t\t<\/div>\n\t\t\t\t\t<\/div>\n\t\t<\/div>\n\t\t\t\t\t<\/div>\n\t\t<\/section>\n\t\t\t\t<section class=\"has-el-gap el-gap-default elementor-section elementor-top-section elementor-element elementor-element-8542e63 elementor-section-boxed elementor-section-height-default elementor-section-height-default\" data-id=\"8542e63\" data-element_type=\"section\">\n\t\t\t\t\t\t<div class=\"elementor-container elementor-column-gap-no\">\n\t\t\t\t\t<div class=\"elementor-column elementor-col-100 elementor-top-column elementor-element elementor-element-3f43bed\" data-id=\"3f43bed\" data-element_type=\"column\">\n\t\t\t<div class=\"elementor-widget-wrap elementor-element-populated\">\n\t\t\t\t\t\t<div class=\"elementor-element elementor-element-96e7676 elementor-widget elementor-widget-text-editor\" data-id=\"96e7676\" data-element_type=\"widget\" data-widget_type=\"text-editor.default\">\n\t\t\t\t<div class=\"elementor-widget-container\">\n\t\t\t\t\t\t\t\t\t<ol><li><a href=\"https:\/\/barthelemynobili-formation.com\/index.php\/cgv-2\/\"><span style=\"font-size: 18pt; font-family: Abel; font-weight: normal; color: #0c71c3;\">VOUS \u00caTES IND\u00c9PENDANT OU EN PROFESSION LIB\u00c9RALE<\/span><\/a><\/li><li><span style=\"font-size: 18pt; font-family: Abel; font-weight: normal; color: #0c71c3;\">\u00a0<\/span><\/li><li>En qualit\u00e9 de travailleur non salari\u00e9, vous versez une contribution annuelle au titre de la Formation professionnelle. Celle-ci vous permet b\u00e9n\u00e9ficier du financement de vos formations par votre Fonds d\u2019Assurance Formation.<\/li><li>Les modalit\u00e9s de financement et de prise en charge de vos dossiers diff\u00e8rent selon votre secteur d\u2019activit\u00e9.<\/li><\/ol><div><div><div style=\"display: block;\"><div><div style=\"display: block;\"><div>\u00a0<\/div><\/div><\/div><div>\u00a0<\/div><\/div><\/div><\/div>\t\t\t\t\t\t\t\t<\/div>\n\t\t\t\t<\/div>\n\t\t\t\t\t<\/div>\n\t\t<\/div>\n\t\t\t\t\t<\/div>\n\t\t<\/section>\n\t\t\t\t<section class=\"has-el-gap el-gap-default elementor-section elementor-top-section elementor-element elementor-element-d1a3b05 elementor-section-boxed elementor-section-height-default elementor-section-height-default\" data-id=\"d1a3b05\" data-element_type=\"section\">\n\t\t\t\t\t\t<div class=\"elementor-container elementor-column-gap-no\">\n\t\t\t\t\t<div class=\"elementor-column elementor-col-100 elementor-top-column elementor-element elementor-element-c186ce1\" data-id=\"c186ce1\" data-element_type=\"column\">\n\t\t\t<div class=\"elementor-widget-wrap elementor-element-populated\">\n\t\t\t\t\t\t<div class=\"elementor-element elementor-element-bdb6d2d elementor-widget elementor-widget-image\" data-id=\"bdb6d2d\" data-element_type=\"widget\" data-widget_type=\"image.default\">\n\t\t\t\t<div class=\"elementor-widget-container\">\n\t\t\t\t\t\t\t\t\t\t\t\t\t\t\t<img fetchpriority=\"high\" decoding=\"async\" class=\"attachment-large size-large wp-image-6422 lazyload\" width=\"1024\" height=\"683\" src=\"data:image\/svg+xml;base64,PHN2ZyB2aWV3Qm94PScwIDAgMTAyNCA2ODMnIHhtbG5zPSdodHRwOi8vd3d3LnczLm9yZy8yMDAwL3N2Zyc+PC9zdmc+\" alt srcset=\"https:\/\/pangee.org\/wp-content\/uploads\/2022\/12\/company-1067978_1920-1024x683.jpg 1024w, https:\/\/pangee.org\/wp-content\/uploads\/2022\/12\/company-1067978_1920-300x200.jpg 300w, https:\/\/pangee.org\/wp-content\/uploads\/2022\/12\/company-1067978_1920-768x512.jpg 768w, https:\/\/pangee.org\/wp-content\/uploads\/2022\/12\/company-1067978_1920-1536x1024.jpg 1536w, https:\/\/pangee.org\/wp-content\/uploads\/2022\/12\/company-1067978_1920-150x100.jpg 150w, https:\/\/pangee.org\/wp-content\/uploads\/2022\/12\/company-1067978_1920-450x300.jpg 450w, https:\/\/pangee.org\/wp-content\/uploads\/2022\/12\/company-1067978_1920-1200x800.jpg 1200w, https:\/\/pangee.org\/wp-content\/uploads\/2022\/12\/company-1067978_1920.jpg 1920w\" sizes=\"(max-width: 1024px) 100vw, 1024px\" data-src=\"https:\/\/pangee.org\/wp-content\/uploads\/2022\/12\/company-1067978_1920-1024x683.jpg\" \/>\t\t\t\t\t\t\t\t\t\t\t\t\t\t\t<\/div>\n\t\t\t\t<\/div>\n\t\t\t\t\t<\/div>\n\t\t<\/div>\n\t\t\t\t\t<\/div>\n\t\t<\/section>\n\t\t\t\t<section class=\"has-el-gap el-gap-default elementor-section elementor-top-section elementor-element elementor-element-1cf9d58 elementor-section-boxed elementor-section-height-default elementor-section-height-default\" data-id=\"1cf9d58\" data-element_type=\"section\">\n\t\t\t\t\t\t<div class=\"elementor-container elementor-column-gap-no\">\n\t\t\t\t\t<div class=\"elementor-column elementor-col-100 elementor-top-column elementor-element elementor-element-f224af8\" data-id=\"f224af8\" data-element_type=\"column\">\n\t\t\t<div class=\"elementor-widget-wrap elementor-element-populated\">\n\t\t\t\t\t\t<div class=\"elementor-element elementor-element-f354488 elementor-widget elementor-widget-spacer\" data-id=\"f354488\" data-element_type=\"widget\" data-widget_type=\"spacer.default\">\n\t\t\t\t<div class=\"elementor-widget-container\">\n\t\t\t\t\t\t\t<div class=\"elementor-spacer\">\n\t\t\t<div class=\"elementor-spacer-inner\"><\/div>\n\t\t<\/div>\n\t\t\t\t\t\t<\/div>\n\t\t\t\t<\/div>\n\t\t\t\t\t<\/div>\n\t\t<\/div>\n\t\t\t\t\t<\/div>\n\t\t<\/section>\n\t\t\t\t<section class=\"has-el-gap el-gap-default elementor-section elementor-top-section elementor-element elementor-element-bdac649 elementor-section-boxed elementor-section-height-default elementor-section-height-default\" data-id=\"bdac649\" data-element_type=\"section\">\n\t\t\t\t\t\t<div class=\"elementor-container elementor-column-gap-no\">\n\t\t\t\t\t<div class=\"elementor-column elementor-col-100 elementor-top-column elementor-element elementor-element-299f2e5\" data-id=\"299f2e5\" data-element_type=\"column\">\n\t\t\t<div class=\"elementor-widget-wrap elementor-element-populated\">\n\t\t\t\t\t\t<div class=\"elementor-element elementor-element-a97f054 elementor-widget elementor-widget-image\" data-id=\"a97f054\" data-element_type=\"widget\" data-widget_type=\"image.default\">\n\t\t\t\t<div class=\"elementor-widget-container\">\n\t\t\t\t\t\t\t\t\t\t\t\t\t\t\t<img decoding=\"async\" class=\"attachment-2048x2048 size-2048x2048 wp-image-6423 lazyload\" width=\"1137\" height=\"533\" src=\"data:image\/svg+xml;base64,PHN2ZyB2aWV3Qm94PScwIDAgMTEzNyA1MzMnIHhtbG5zPSdodHRwOi8vd3d3LnczLm9yZy8yMDAwL3N2Zyc+PC9zdmc+\" alt srcset=\"https:\/\/pangee.org\/wp-content\/uploads\/2022\/12\/Capture-decran-2022-12-06-a-13.11.55.png 1137w, https:\/\/pangee.org\/wp-content\/uploads\/2022\/12\/Capture-decran-2022-12-06-a-13.11.55-300x141.png 300w, https:\/\/pangee.org\/wp-content\/uploads\/2022\/12\/Capture-decran-2022-12-06-a-13.11.55-1024x480.png 1024w, https:\/\/pangee.org\/wp-content\/uploads\/2022\/12\/Capture-decran-2022-12-06-a-13.11.55-768x360.png 768w, https:\/\/pangee.org\/wp-content\/uploads\/2022\/12\/Capture-decran-2022-12-06-a-13.11.55-150x70.png 150w, https:\/\/pangee.org\/wp-content\/uploads\/2022\/12\/Capture-decran-2022-12-06-a-13.11.55-450x211.png 450w\" sizes=\"(max-width: 1137px) 100vw, 1137px\" data-src=\"https:\/\/pangee.org\/wp-content\/uploads\/2022\/12\/Capture-decran-2022-12-06-a-13.11.55.png\" \/>\t\t\t\t\t\t\t\t\t\t\t\t\t\t\t<\/div>\n\t\t\t\t<\/div>\n\t\t\t\t\t<\/div>\n\t\t<\/div>\n\t\t\t\t\t<\/div>\n\t\t<\/section>\n\t\t\t\t<\/div>\n\t\t","protected":false},"excerpt":{"rendered":"<p>FINANCEMENT DES FORMATIONS VOUS \u00caTES IND\u00c9PENDANT OU EN PROFESSION LIB\u00c9RALE \u00a0 En qualit\u00e9 de travailleur non salari\u00e9, vous versez une contribution annuelle au titre de la Formation professionnelle. Celle-ci vous permet b\u00e9n\u00e9ficier du financement de vos formations par votre Fonds d\u2019Assurance Formation. Les modalit\u00e9s de financement et de prise en charge de vos dossiers diff\u00e8rent<\/p>\n","protected":false},"author":1,"featured_media":0,"parent":0,"menu_order":0,"comment_status":"closed","ping_status":"closed","template":"page-templates\/no-wrapper.php","meta":{"footnotes":""},"class_list":["post-6420","page","type-page","status-publish"],"_links":{"self":[{"href":"https:\/\/pangee.org\/index.php\/wp-json\/wp\/v2\/pages\/6420","targetHints":{"allow":["GET"]}}],"collection":[{"href":"https:\/\/pangee.org\/index.php\/wp-json\/wp\/v2\/pages"}],"about":[{"href":"https:\/\/pangee.org\/index.php\/wp-json\/wp\/v2\/types\/page"}],"author":[{"embeddable":true,"href":"https:\/\/pangee.org\/index.php\/wp-json\/wp\/v2\/users\/1"}],"replies":[{"embeddable":true,"href":"https:\/\/pangee.org\/index.php\/wp-json\/wp\/v2\/comments?post=6420"}],"version-history":[{"count":10,"href":"https:\/\/pangee.org\/index.php\/wp-json\/wp\/v2\/pages\/6420\/revisions"}],"predecessor-version":[{"id":6700,"href":"https:\/\/pangee.org\/index.php\/wp-json\/wp\/v2\/pages\/6420\/revisions\/6700"}],"wp:attachment":[{"href":"https:\/\/pangee.org\/index.php\/wp-json\/wp\/v2\/media?parent=6420"}],"curies":[{"name":"wp","href":"https:\/\/api.w.org\/{rel}","templated":true}]}}