{"id":6938,"date":"2023-07-12T12:38:22","date_gmt":"2023-07-12T10:38:22","guid":{"rendered":"https:\/\/pangee.org\/?page_id=6938"},"modified":"2023-07-12T13:06:33","modified_gmt":"2023-07-12T11:06:33","slug":"afrique","status":"publish","type":"page","link":"https:\/\/pangee.org\/index.php\/afrique\/","title":{"rendered":"Afrique"},"content":{"rendered":"\t\t<div data-elementor-type=\"wp-page\" data-elementor-id=\"6938\" class=\"elementor elementor-6938\">\n\t\t\t\t\t\t<section class=\"has-el-gap el-gap-default elementor-section elementor-top-section elementor-element elementor-element-9745de4 elementor-section-boxed elementor-section-height-default elementor-section-height-default\" data-id=\"9745de4\" data-element_type=\"section\">\n\t\t\t\t\t\t<div class=\"elementor-container elementor-column-gap-no\">\n\t\t\t\t\t<div class=\"elementor-column elementor-col-100 elementor-top-column elementor-element elementor-element-f8ba0d4\" data-id=\"f8ba0d4\" data-element_type=\"column\">\n\t\t\t<div class=\"elementor-widget-wrap elementor-element-populated\">\n\t\t\t\t\t\t<div class=\"elementor-element elementor-element-503018d elementor-widget elementor-widget-spacer\" data-id=\"503018d\" data-element_type=\"widget\" data-widget_type=\"spacer.default\">\n\t\t\t\t<div class=\"elementor-widget-container\">\n\t\t\t\t\t\t\t<div class=\"elementor-spacer\">\n\t\t\t<div class=\"elementor-spacer-inner\"><\/div>\n\t\t<\/div>\n\t\t\t\t\t\t<\/div>\n\t\t\t\t<\/div>\n\t\t\t\t<div class=\"elementor-element elementor-element-860ba3a elementor-widget elementor-widget-heading\" data-id=\"860ba3a\" data-element_type=\"widget\" data-widget_type=\"heading.default\">\n\t\t\t\t<div class=\"elementor-widget-container\">\n\t\t\t\t\t<h1 class=\"elementor-heading-title elementor-size-default\">Etat de trafic d'enfants en Afrique<\/h1>\t\t\t\t<\/div>\n\t\t\t\t<\/div>\n\t\t\t\t<div class=\"elementor-element elementor-element-93739fc elementor-widget-divider--view-line elementor-widget elementor-widget-divider\" data-id=\"93739fc\" data-element_type=\"widget\" data-widget_type=\"divider.default\">\n\t\t\t\t<div class=\"elementor-widget-container\">\n\t\t\t\t\t\t\t<div class=\"elementor-divider\">\n\t\t\t<span class=\"elementor-divider-separator\">\n\t\t\t\t\t\t<\/span>\n\t\t<\/div>\n\t\t\t\t\t\t<\/div>\n\t\t\t\t<\/div>\n\t\t\t\t<div class=\"elementor-element elementor-element-31d8f00 elementor-widget elementor-widget-text-editor\" data-id=\"31d8f00\" data-element_type=\"widget\" data-widget_type=\"text-editor.default\">\n\t\t\t\t<div class=\"elementor-widget-container\">\n\t\t\t\t\t\t\t\t\t<p>Le trafic des enfants en Afrique centrale et de l&rsquo;Ouest est en augmentation, selon un rapport publi\u00e9 par le Bureau international du Travail (BIT) et son Programme international pour l&rsquo;abolition du travail des enfants (IPEC). Le rapport, financ\u00e9 par le D\u00e9partement du Travail am\u00e9ricain, est le r\u00e9sultat de t\u00e9moignages d&rsquo;enfants et de parents provenant de neuf pays de la r\u00e9gion, \u00e0 savoir le B\u00e9nin, le Burkina Faso, le Cameroun, la C\u00f4te d&rsquo;Ivoire, le Gabon, le Ghana, le Mali, le Nig\u00e9ria et le Togo.<\/p><p>\u00a0<\/p><p>Les enfants sont trafiqu\u00e9s pour \u00eatre exploit\u00e9s dans diff\u00e9rents domaines, tels que le commerce du sexe, le travail domestique, les plantations, le petit commerce, la mendicit\u00e9 et le racolage. Les trafiquants attirent les parents en leur promettant de l&rsquo;argent ou des emplois bien r\u00e9mun\u00e9r\u00e9s pour leurs enfants, mais une fois arriv\u00e9s \u00e0 destination, les enfants et les parents ne sont pas pay\u00e9s comme promis. Les enfants trafiqu\u00e9s travaillent de longues heures dans des conditions dangereuses, sans recevoir suffisamment de nourriture et de boissons. Certains d&rsquo;entre eux tombent malades et meurent, tandis que d&rsquo;autres souffrent de maladies sexuellement transmissibles ou de probl\u00e8mes mentaux \u00e0 long terme.<\/p><p>\u00a0<\/p><p>Les pays de la r\u00e9gion, y compris le B\u00e9nin, le Burkina Faso, le Cameroun, la C\u00f4te d&rsquo;Ivoire, le Gabon, le Ghana, le Mali, le Nig\u00e9ria et le Togo, reconnaissent d\u00e9sormais l&rsquo;existence de ce trafic d&rsquo;enfants et participent \u00e0 un projet conjoint pour le combattre. Des accords bilat\u00e9raux ont \u00e9t\u00e9 sign\u00e9s pour le rapatriement des victimes et l&rsquo;extradition des trafiquants. Certains pays ont lanc\u00e9 des programmes sp\u00e9cifiques pour lutter contre le trafic d&rsquo;enfants, et des organisations non-gouvernementales travaillent \u00e0 accro\u00eetre la sensibilisation et \u00e0 aider les victimes.<\/p><p>\u00a0<\/p><p>Le rapport formule des recommandations pour un plan d&rsquo;action sous-r\u00e9gional, notamment la recherche, la formation, l&rsquo;augmentation de la sensibilisation et le renforcement du cadre l\u00e9gal et institutionnel. Le programme IPEC de l&rsquo;OIT, avec le soutien du gouvernement des \u00c9tats-Unis, renforcera son assistance technique pour lutter contre le trafic des enfants dans les neuf pays concern\u00e9s. Un nouveau projet sera lanc\u00e9 dans chaque pays pour pr\u00e9venir le trafic des enfants et r\u00e9habiliter les victimes, avec un financement de 4,5 millions de dollars am\u00e9ricains par pays.<\/p>\t\t\t\t\t\t\t\t<\/div>\n\t\t\t\t<\/div>\n\t\t\t\t\t<\/div>\n\t\t<\/div>\n\t\t\t\t\t<\/div>\n\t\t<\/section>\n\t\t\t\t<\/div>\n\t\t","protected":false},"excerpt":{"rendered":"<p>Etat de trafic d&rsquo;enfants en Afrique Le trafic des enfants en Afrique centrale et de l&rsquo;Ouest est en augmentation, selon un rapport publi\u00e9 par le Bureau international du Travail (BIT) et son Programme international pour l&rsquo;abolition du travail des enfants (IPEC). Le rapport, financ\u00e9 par le D\u00e9partement du Travail am\u00e9ricain, est le r\u00e9sultat de t\u00e9moignages<\/p>\n","protected":false},"author":1,"featured_media":0,"parent":0,"menu_order":0,"comment_status":"closed","ping_status":"closed","template":"page-templates\/no-wrapper.php","meta":{"footnotes":""},"class_list":["post-6938","page","type-page","status-publish"],"_links":{"self":[{"href":"https:\/\/pangee.org\/index.php\/wp-json\/wp\/v2\/pages\/6938","targetHints":{"allow":["GET"]}}],"collection":[{"href":"https:\/\/pangee.org\/index.php\/wp-json\/wp\/v2\/pages"}],"about":[{"href":"https:\/\/pangee.org\/index.php\/wp-json\/wp\/v2\/types\/page"}],"author":[{"embeddable":true,"href":"https:\/\/pangee.org\/index.php\/wp-json\/wp\/v2\/users\/1"}],"replies":[{"embeddable":true,"href":"https:\/\/pangee.org\/index.php\/wp-json\/wp\/v2\/comments?post=6938"}],"version-history":[{"count":4,"href":"https:\/\/pangee.org\/index.php\/wp-json\/wp\/v2\/pages\/6938\/revisions"}],"predecessor-version":[{"id":6955,"href":"https:\/\/pangee.org\/index.php\/wp-json\/wp\/v2\/pages\/6938\/revisions\/6955"}],"wp:attachment":[{"href":"https:\/\/pangee.org\/index.php\/wp-json\/wp\/v2\/media?parent=6938"}],"curies":[{"name":"wp","href":"https:\/\/api.w.org\/{rel}","templated":true}]}}