{"id":7105,"date":"2023-07-19T10:40:41","date_gmt":"2023-07-19T08:40:41","guid":{"rendered":"https:\/\/pangee.org\/?page_id=7105"},"modified":"2023-07-19T12:14:48","modified_gmt":"2023-07-19T10:14:48","slug":"en-a","status":"publish","type":"page","link":"https:\/\/pangee.org\/index.php\/en-a\/","title":{"rendered":"En Afrique"},"content":{"rendered":"\t\t<div data-elementor-type=\"wp-page\" data-elementor-id=\"7105\" class=\"elementor elementor-7105\">\n\t\t\t\t\t\t<section class=\"has-el-gap el-gap-default elementor-section elementor-top-section elementor-element elementor-element-1c6c4c2 elementor-section-boxed elementor-section-height-default elementor-section-height-default\" data-id=\"1c6c4c2\" data-element_type=\"section\">\n\t\t\t\t\t\t<div class=\"elementor-container elementor-column-gap-no\">\n\t\t\t\t\t<div class=\"elementor-column elementor-col-100 elementor-top-column elementor-element elementor-element-dc1a399\" data-id=\"dc1a399\" data-element_type=\"column\">\n\t\t\t<div class=\"elementor-widget-wrap elementor-element-populated\">\n\t\t\t\t\t\t<div class=\"elementor-element elementor-element-5bd4f5f elementor-widget elementor-widget-heading\" data-id=\"5bd4f5f\" data-element_type=\"widget\" data-widget_type=\"heading.default\">\n\t\t\t\t<div class=\"elementor-widget-container\">\n\t\t\t\t\t<h1 class=\"elementor-heading-title elementor-size-default\">En Afrique<\/h1>\t\t\t\t<\/div>\n\t\t\t\t<\/div>\n\t\t\t\t\t<\/div>\n\t\t<\/div>\n\t\t\t\t\t<\/div>\n\t\t<\/section>\n\t\t\t\t<section class=\"has-el-gap el-gap-default elementor-section elementor-top-section elementor-element elementor-element-71e6c1d elementor-section-boxed elementor-section-height-default elementor-section-height-default\" data-id=\"71e6c1d\" data-element_type=\"section\">\n\t\t\t\t\t\t<div class=\"elementor-container elementor-column-gap-no\">\n\t\t\t\t\t<div class=\"elementor-column elementor-col-100 elementor-top-column elementor-element elementor-element-a30ff5f\" data-id=\"a30ff5f\" data-element_type=\"column\">\n\t\t\t<div class=\"elementor-widget-wrap elementor-element-populated\">\n\t\t\t\t\t\t<div class=\"elementor-element elementor-element-d7af2c0 elementor-widget elementor-widget-heading\" data-id=\"d7af2c0\" data-element_type=\"widget\" data-widget_type=\"heading.default\">\n\t\t\t\t<div class=\"elementor-widget-container\">\n\t\t\t\t\t<h1 class=\"elementor-heading-title elementor-size-default\">En Ouganda<\/h1>\t\t\t\t<\/div>\n\t\t\t\t<\/div>\n\t\t\t\t\t<\/div>\n\t\t<\/div>\n\t\t\t\t\t<\/div>\n\t\t<\/section>\n\t\t\t\t<section class=\"has-el-gap el-gap-default elementor-section elementor-top-section elementor-element elementor-element-a3c2295 elementor-section-boxed elementor-section-height-default elementor-section-height-default\" data-id=\"a3c2295\" data-element_type=\"section\">\n\t\t\t\t\t\t<div class=\"elementor-container elementor-column-gap-no\">\n\t\t\t\t\t<div class=\"elementor-column elementor-col-50 elementor-top-column elementor-element elementor-element-4bb88ab\" data-id=\"4bb88ab\" data-element_type=\"column\">\n\t\t\t<div class=\"elementor-widget-wrap elementor-element-populated\">\n\t\t\t\t\t\t<div class=\"elementor-element elementor-element-5c0b5cc elementor-widget elementor-widget-text-editor\" data-id=\"5c0b5cc\" data-element_type=\"widget\" data-widget_type=\"text-editor.default\">\n\t\t\t\t<div class=\"elementor-widget-container\">\n\t\t\t\t\t\t\t\t\t<p>La prostitution en Ouganda est un probl\u00e8me complexe et largement r\u00e9pandu. Les principales causes de la prostitution dans le pays sont la pauvret\u00e9, le manque d&rsquo;opportunit\u00e9s \u00e9conomiques et l&rsquo;instabilit\u00e9 sociale. De nombreuses femmes et filles se tournent vers la prostitution comme moyen de subsistance, souvent en raison de contraintes \u00e9conomiques ou de pressions familiales. Le tourisme sexuel, en particulier dans les zones touristiques populaires, contribue \u00e9galement \u00e0 la prostitution. Les travailleurs du sexe en Ouganda font face \u00e0 de nombreux d\u00e9fis, notamment l&rsquo;exploitation sexuelle, les abus physiques et les risques sanitaires. Les organisations locales et internationales luttent pour offrir un soutien aux travailleurs du sexe, en leur fournissant des soins de sant\u00e9, des programmes de formation et des opportunit\u00e9s de r\u00e9int\u00e9gration sociale. Cependant, malgr\u00e9 les efforts d\u00e9ploy\u00e9s, la prostitution reste un probl\u00e8me persistant en Ouganda, n\u00e9cessitant une attention continue pour prot\u00e9ger les droits et le bien-\u00eatre des travailleurs du sexe.<\/p>\t\t\t\t\t\t\t\t<\/div>\n\t\t\t\t<\/div>\n\t\t\t\t\t<\/div>\n\t\t<\/div>\n\t\t\t\t<div class=\"elementor-column elementor-col-50 elementor-top-column elementor-element elementor-element-d9d849b\" data-id=\"d9d849b\" data-element_type=\"column\">\n\t\t\t<div class=\"elementor-widget-wrap elementor-element-populated\">\n\t\t\t\t\t\t<div class=\"elementor-element elementor-element-76a56e6 elementor-widget elementor-widget-image\" data-id=\"76a56e6\" data-element_type=\"widget\" data-widget_type=\"image.default\">\n\t\t\t\t<div class=\"elementor-widget-container\">\n\t\t\t\t\t\t\t\t\t\t\t\t\t\t\t<img fetchpriority=\"high\" decoding=\"async\" class=\"attachment-large size-large wp-image-7106 lazyload\" width=\"800\" height=\"400\" src=\"data:image\/svg+xml;base64,PHN2ZyB2aWV3Qm94PScwIDAgODAwIDQwMCcgeG1sbnM9J2h0dHA6Ly93d3cudzMub3JnLzIwMDAvc3ZnJz48L3N2Zz4=\" alt srcset=\"https:\/\/pangee.org\/wp-content\/uploads\/2023\/07\/Prostitution.jpg 800w, https:\/\/pangee.org\/wp-content\/uploads\/2023\/07\/Prostitution-300x150.jpg 300w, https:\/\/pangee.org\/wp-content\/uploads\/2023\/07\/Prostitution-768x384.jpg 768w, https:\/\/pangee.org\/wp-content\/uploads\/2023\/07\/Prostitution-150x75.jpg 150w, https:\/\/pangee.org\/wp-content\/uploads\/2023\/07\/Prostitution-450x225.jpg 450w\" sizes=\"(max-width: 800px) 100vw, 800px\" data-src=\"https:\/\/pangee.org\/wp-content\/uploads\/2023\/07\/Prostitution.jpg\" \/>\t\t\t\t\t\t\t\t\t\t\t\t\t\t\t<\/div>\n\t\t\t\t<\/div>\n\t\t\t\t\t<\/div>\n\t\t<\/div>\n\t\t\t\t\t<\/div>\n\t\t<\/section>\n\t\t\t\t<section class=\"has-el-gap el-gap-default elementor-section elementor-top-section elementor-element elementor-element-0ae3382 elementor-section-boxed elementor-section-height-default elementor-section-height-default\" data-id=\"0ae3382\" data-element_type=\"section\">\n\t\t\t\t\t\t<div class=\"elementor-container elementor-column-gap-no\">\n\t\t\t\t\t<div class=\"elementor-column elementor-col-100 elementor-top-column elementor-element elementor-element-3230963\" data-id=\"3230963\" data-element_type=\"column\">\n\t\t\t<div class=\"elementor-widget-wrap elementor-element-populated\">\n\t\t\t\t\t\t<div class=\"elementor-element elementor-element-e8b110a elementor-widget elementor-widget-heading\" data-id=\"e8b110a\" data-element_type=\"widget\" data-widget_type=\"heading.default\">\n\t\t\t\t<div class=\"elementor-widget-container\">\n\t\t\t\t\t<h2 class=\"elementor-heading-title elementor-size-default\">Au Ghana<\/h2>\t\t\t\t<\/div>\n\t\t\t\t<\/div>\n\t\t\t\t\t<\/div>\n\t\t<\/div>\n\t\t\t\t\t<\/div>\n\t\t<\/section>\n\t\t\t\t<section class=\"has-el-gap el-gap-default elementor-section elementor-top-section elementor-element elementor-element-5da6b24 elementor-section-boxed elementor-section-height-default elementor-section-height-default\" data-id=\"5da6b24\" data-element_type=\"section\">\n\t\t\t\t\t\t<div class=\"elementor-container elementor-column-gap-no\">\n\t\t\t\t\t<div class=\"elementor-column elementor-col-50 elementor-top-column elementor-element elementor-element-acec8c0\" data-id=\"acec8c0\" data-element_type=\"column\">\n\t\t\t<div class=\"elementor-widget-wrap elementor-element-populated\">\n\t\t\t\t\t\t<div class=\"elementor-element elementor-element-9565f6c elementor-widget elementor-widget-text-editor\" data-id=\"9565f6c\" data-element_type=\"widget\" data-widget_type=\"text-editor.default\">\n\t\t\t\t<div class=\"elementor-widget-container\">\n\t\t\t\t\t\t\t\t\t<p>La prostitution au Ghana est une r\u00e9alit\u00e9 complexe et r\u00e9pandue. Les facteurs qui contribuent \u00e0 la prostitution dans le pays comprennent la pauvret\u00e9, le ch\u00f4mage, les in\u00e9galit\u00e9s de genre et les migrations. Les femmes et les jeunes filles sont souvent contraintes de se prostituer en raison de la pr\u00e9carit\u00e9 \u00e9conomique et des pressions sociales. La prostitution est \u00e9galement aliment\u00e9e par le tourisme sexuel, en particulier dans les zones touristiques populaires du pays. Les travailleurs du sexe au Ghana sont confront\u00e9s \u00e0 de nombreux risques, tels que l&rsquo;exploitation sexuelle, la violence, les maladies sexuellement transmissibles et la stigmatisation sociale. Les efforts sont d\u00e9ploy\u00e9s par des organisations locales et internationales pour fournir un soutien aux travailleurs du sexe, notamment en mati\u00e8re de sant\u00e9, de sensibilisation et d&rsquo;opportunit\u00e9s de r\u00e9int\u00e9gration sociale. Cependant, malgr\u00e9 ces initiatives, la prostitution reste un probl\u00e8me persistant au Ghana, n\u00e9cessitant une approche holistique pour prot\u00e9ger les droits et le bien-\u00eatre des travailleurs du sexe et s&rsquo;attaquer aux causes profondes de la prostitution.<\/p>\t\t\t\t\t\t\t\t<\/div>\n\t\t\t\t<\/div>\n\t\t\t\t\t<\/div>\n\t\t<\/div>\n\t\t\t\t<div class=\"elementor-column elementor-col-50 elementor-top-column elementor-element elementor-element-6df2b54\" data-id=\"6df2b54\" data-element_type=\"column\">\n\t\t\t<div class=\"elementor-widget-wrap elementor-element-populated\">\n\t\t\t\t\t\t<div class=\"elementor-element elementor-element-294b48b elementor-widget elementor-widget-image\" data-id=\"294b48b\" data-element_type=\"widget\" data-widget_type=\"image.default\">\n\t\t\t\t<div class=\"elementor-widget-container\">\n\t\t\t\t\t\t\t\t\t\t\t\t\t\t\t<img decoding=\"async\" class=\"attachment-large size-large wp-image-7109 lazyload\" width=\"992\" height=\"558\" src=\"data:image\/svg+xml;base64,PHN2ZyB2aWV3Qm94PScwIDAgOTkyIDU1OCcgeG1sbnM9J2h0dHA6Ly93d3cudzMub3JnLzIwMDAvc3ZnJz48L3N2Zz4=\" alt srcset=\"https:\/\/pangee.org\/wp-content\/uploads\/2023\/07\/prostitution-Ghana.jpg 992w, https:\/\/pangee.org\/wp-content\/uploads\/2023\/07\/prostitution-Ghana-300x169.jpg 300w, https:\/\/pangee.org\/wp-content\/uploads\/2023\/07\/prostitution-Ghana-768x432.jpg 768w, https:\/\/pangee.org\/wp-content\/uploads\/2023\/07\/prostitution-Ghana-150x84.jpg 150w, https:\/\/pangee.org\/wp-content\/uploads\/2023\/07\/prostitution-Ghana-450x253.jpg 450w\" sizes=\"(max-width: 992px) 100vw, 992px\" data-src=\"https:\/\/pangee.org\/wp-content\/uploads\/2023\/07\/prostitution-Ghana.jpg\" \/>\t\t\t\t\t\t\t\t\t\t\t\t\t\t\t<\/div>\n\t\t\t\t<\/div>\n\t\t\t\t\t<\/div>\n\t\t<\/div>\n\t\t\t\t\t<\/div>\n\t\t<\/section>\n\t\t\t\t<section class=\"has-el-gap el-gap-default elementor-section elementor-top-section elementor-element elementor-element-a3f2fc8 elementor-section-boxed elementor-section-height-default elementor-section-height-default\" data-id=\"a3f2fc8\" data-element_type=\"section\">\n\t\t\t\t\t\t<div class=\"elementor-container elementor-column-gap-no\">\n\t\t\t\t\t<div class=\"elementor-column elementor-col-100 elementor-top-column elementor-element elementor-element-70593d0\" data-id=\"70593d0\" data-element_type=\"column\">\n\t\t\t<div class=\"elementor-widget-wrap elementor-element-populated\">\n\t\t\t\t\t\t<div class=\"elementor-element elementor-element-720382d elementor-widget elementor-widget-heading\" data-id=\"720382d\" data-element_type=\"widget\" data-widget_type=\"heading.default\">\n\t\t\t\t<div class=\"elementor-widget-container\">\n\t\t\t\t\t<h2 class=\"elementor-heading-title elementor-size-default\">  Au Botswana<\/h2>\t\t\t\t<\/div>\n\t\t\t\t<\/div>\n\t\t\t\t\t<\/div>\n\t\t<\/div>\n\t\t\t\t\t<\/div>\n\t\t<\/section>\n\t\t\t\t<section class=\"has-el-gap el-gap-default elementor-section elementor-top-section elementor-element elementor-element-f18dc01 elementor-section-boxed elementor-section-height-default elementor-section-height-default\" data-id=\"f18dc01\" data-element_type=\"section\">\n\t\t\t\t\t\t<div class=\"elementor-container elementor-column-gap-no\">\n\t\t\t\t\t<div class=\"elementor-column elementor-col-50 elementor-top-column elementor-element elementor-element-f0e6b52\" data-id=\"f0e6b52\" data-element_type=\"column\">\n\t\t\t<div class=\"elementor-widget-wrap elementor-element-populated\">\n\t\t\t\t\t\t<div class=\"elementor-element elementor-element-57fb4b5 elementor-widget elementor-widget-text-editor\" data-id=\"57fb4b5\" data-element_type=\"widget\" data-widget_type=\"text-editor.default\">\n\t\t\t\t<div class=\"elementor-widget-container\">\n\t\t\t\t\t\t\t\t\t<p>La prostitution au Botswana est une r\u00e9alit\u00e9 complexe. Bien que la prostitution soit ill\u00e9gale, elle persiste dans certaines r\u00e9gions du pays en raison de facteurs socio-\u00e9conomiques tels que la pauvret\u00e9, le ch\u00f4mage et la migration. Les travailleurs du sexe font face \u00e0 des risques \u00e9lev\u00e9s d&rsquo;exploitation, de violence et de maladies sexuellement transmissibles. Le gouvernement et les organisations locales s&rsquo;efforcent de lutter contre le probl\u00e8me en proposant des programmes de sensibilisation, des services de sant\u00e9 et des possibilit\u00e9s de r\u00e9int\u00e9gration sociale. Cependant, les stigmates sociaux et la criminalisation de la prostitution rendent difficile la mise en \u0153uvre de solutions efficaces. Une approche plus globale impliquant des politiques de soutien social, des r\u00e9formes l\u00e9gislatives et des efforts pour lutter contre les causes profondes de la prostitution est n\u00e9cessaire pour r\u00e9soudre ce probl\u00e8me complexe au Botswana.<\/p>\t\t\t\t\t\t\t\t<\/div>\n\t\t\t\t<\/div>\n\t\t\t\t\t<\/div>\n\t\t<\/div>\n\t\t\t\t<div class=\"elementor-column elementor-col-50 elementor-top-column elementor-element elementor-element-b304d6b\" data-id=\"b304d6b\" data-element_type=\"column\">\n\t\t\t<div class=\"elementor-widget-wrap elementor-element-populated\">\n\t\t\t\t\t\t<div class=\"elementor-element elementor-element-037d875 elementor-widget elementor-widget-image\" data-id=\"037d875\" data-element_type=\"widget\" data-widget_type=\"image.default\">\n\t\t\t\t<div class=\"elementor-widget-container\">\n\t\t\t\t\t\t\t\t\t\t\t\t\t\t\t<img decoding=\"async\" class=\"attachment-large size-large wp-image-7115 lazyload\" width=\"512\" height=\"296\" src=\"data:image\/svg+xml;base64,PHN2ZyB2aWV3Qm94PScwIDAgNTEyIDI5NicgeG1sbnM9J2h0dHA6Ly93d3cudzMub3JnLzIwMDAvc3ZnJz48L3N2Zz4=\" alt srcset=\"https:\/\/pangee.org\/wp-content\/uploads\/2023\/07\/photo.jpg 512w, https:\/\/pangee.org\/wp-content\/uploads\/2023\/07\/photo-300x173.jpg 300w, https:\/\/pangee.org\/wp-content\/uploads\/2023\/07\/photo-150x87.jpg 150w, https:\/\/pangee.org\/wp-content\/uploads\/2023\/07\/photo-450x260.jpg 450w\" sizes=\"(max-width: 512px) 100vw, 512px\" data-src=\"https:\/\/pangee.org\/wp-content\/uploads\/2023\/07\/photo.jpg\" \/>\t\t\t\t\t\t\t\t\t\t\t\t\t\t\t<\/div>\n\t\t\t\t<\/div>\n\t\t\t\t\t<\/div>\n\t\t<\/div>\n\t\t\t\t\t<\/div>\n\t\t<\/section>\n\t\t\t\t<\/div>\n\t\t","protected":false},"excerpt":{"rendered":"<p>En Afrique En Ouganda La prostitution en Ouganda est un probl\u00e8me complexe et largement r\u00e9pandu. Les principales causes de la prostitution dans le pays sont la pauvret\u00e9, le manque d&rsquo;opportunit\u00e9s \u00e9conomiques et l&rsquo;instabilit\u00e9 sociale. De nombreuses femmes et filles se tournent vers la prostitution comme moyen de subsistance, souvent en raison de contraintes \u00e9conomiques ou<\/p>\n","protected":false},"author":1,"featured_media":0,"parent":0,"menu_order":0,"comment_status":"closed","ping_status":"closed","template":"page-templates\/no-wrapper.php","meta":{"footnotes":""},"class_list":["post-7105","page","type-page","status-publish"],"_links":{"self":[{"href":"https:\/\/pangee.org\/index.php\/wp-json\/wp\/v2\/pages\/7105","targetHints":{"allow":["GET"]}}],"collection":[{"href":"https:\/\/pangee.org\/index.php\/wp-json\/wp\/v2\/pages"}],"about":[{"href":"https:\/\/pangee.org\/index.php\/wp-json\/wp\/v2\/types\/page"}],"author":[{"embeddable":true,"href":"https:\/\/pangee.org\/index.php\/wp-json\/wp\/v2\/users\/1"}],"replies":[{"embeddable":true,"href":"https:\/\/pangee.org\/index.php\/wp-json\/wp\/v2\/comments?post=7105"}],"version-history":[{"count":7,"href":"https:\/\/pangee.org\/index.php\/wp-json\/wp\/v2\/pages\/7105\/revisions"}],"predecessor-version":[{"id":7118,"href":"https:\/\/pangee.org\/index.php\/wp-json\/wp\/v2\/pages\/7105\/revisions\/7118"}],"wp:attachment":[{"href":"https:\/\/pangee.org\/index.php\/wp-json\/wp\/v2\/media?parent=7105"}],"curies":[{"name":"wp","href":"https:\/\/api.w.org\/{rel}","templated":true}]}}