{"id":7119,"date":"2023-07-19T21:11:41","date_gmt":"2023-07-19T19:11:41","guid":{"rendered":"https:\/\/pangee.org\/?page_id=7119"},"modified":"2023-07-20T13:49:11","modified_gmt":"2023-07-20T11:49:11","slug":"en-europe","status":"publish","type":"page","link":"https:\/\/pangee.org\/index.php\/en-europe\/","title":{"rendered":"en Europe"},"content":{"rendered":"\t\t<div data-elementor-type=\"wp-page\" data-elementor-id=\"7119\" class=\"elementor elementor-7119\">\n\t\t\t\t\t\t<section class=\"has-el-gap el-gap-default elementor-section elementor-top-section elementor-element elementor-element-f109dd8 elementor-section-boxed elementor-section-height-default elementor-section-height-default\" data-id=\"f109dd8\" data-element_type=\"section\">\n\t\t\t\t\t\t<div class=\"elementor-container elementor-column-gap-no\">\n\t\t\t\t\t<div class=\"elementor-column elementor-col-100 elementor-top-column elementor-element elementor-element-73f90d4\" data-id=\"73f90d4\" data-element_type=\"column\">\n\t\t\t<div class=\"elementor-widget-wrap elementor-element-populated\">\n\t\t\t\t\t\t<div class=\"elementor-element elementor-element-cdb5ab2 elementor-widget elementor-widget-heading\" data-id=\"cdb5ab2\" data-element_type=\"widget\" data-widget_type=\"heading.default\">\n\t\t\t\t<div class=\"elementor-widget-container\">\n\t\t\t\t\t<h2 class=\"elementor-heading-title elementor-size-default\">En Europe <\/h2>\t\t\t\t<\/div>\n\t\t\t\t<\/div>\n\t\t\t\t\t<\/div>\n\t\t<\/div>\n\t\t\t\t\t<\/div>\n\t\t<\/section>\n\t\t\t\t<section class=\"has-el-gap el-gap-default elementor-section elementor-top-section elementor-element elementor-element-9813bd5 elementor-section-boxed elementor-section-height-default elementor-section-height-default\" data-id=\"9813bd5\" data-element_type=\"section\">\n\t\t\t\t\t\t<div class=\"elementor-container elementor-column-gap-no\">\n\t\t\t\t\t<div class=\"elementor-column elementor-col-100 elementor-top-column elementor-element elementor-element-1138386\" data-id=\"1138386\" data-element_type=\"column\">\n\t\t\t<div class=\"elementor-widget-wrap elementor-element-populated\">\n\t\t\t\t\t\t<div class=\"elementor-element elementor-element-d7c9ecb elementor-widget elementor-widget-heading\" data-id=\"d7c9ecb\" data-element_type=\"widget\" data-widget_type=\"heading.default\">\n\t\t\t\t<div class=\"elementor-widget-container\">\n\t\t\t\t\t<h2 class=\"elementor-heading-title elementor-size-default\">En Allemangne<\/h2>\t\t\t\t<\/div>\n\t\t\t\t<\/div>\n\t\t\t\t\t<\/div>\n\t\t<\/div>\n\t\t\t\t\t<\/div>\n\t\t<\/section>\n\t\t\t\t<section class=\"has-el-gap el-gap-default elementor-section elementor-top-section elementor-element elementor-element-eff0d04 elementor-section-boxed elementor-section-height-default elementor-section-height-default\" data-id=\"eff0d04\" data-element_type=\"section\">\n\t\t\t\t\t\t<div class=\"elementor-container elementor-column-gap-no\">\n\t\t\t\t\t<div class=\"elementor-column elementor-col-50 elementor-top-column elementor-element elementor-element-09429ec\" data-id=\"09429ec\" data-element_type=\"column\">\n\t\t\t<div class=\"elementor-widget-wrap elementor-element-populated\">\n\t\t\t\t\t\t<div class=\"elementor-element elementor-element-12a6f90 elementor-widget elementor-widget-text-editor\" data-id=\"12a6f90\" data-element_type=\"widget\" data-widget_type=\"text-editor.default\">\n\t\t\t\t<div class=\"elementor-widget-container\">\n\t\t\t\t\t\t\t\t\t<p>La prostitution en Allemagne est l\u00e9gale et r\u00e9glement\u00e9e depuis 2002. Elle a cr\u00e9\u00e9 un march\u00e9 du sexe relativement ouvert et visible dans le pays. Les principales zones urbaines, telles que Berlin et Hambourg, abritent des quartiers rouges bien connus o\u00f9 les travailleurs du sexe exercent leur activit\u00e9. La l\u00e9gislation allemande permet aux personnes de plus de 18 ans de se prostituer et de travailler dans des maisons closes autoris\u00e9es.<\/p><p>Cependant, malgr\u00e9 cette r\u00e9glementation, le secteur de la prostitution en Allemagne est confront\u00e9 \u00e0 des d\u00e9fis. Il y a des pr\u00e9occupations concernant la traite des \u00eatres humains et l&rsquo;exploitation sexuelle, en particulier de la part de personnes vuln\u00e9rables, notamment des migrants et des victimes de la traite. De plus, le r\u00e9gime de r\u00e9glementation suscite des d\u00e9bats sur la protection des travailleurs du sexe et la lutte contre les risques sanitaires, car la prostitution non r\u00e9glement\u00e9e continue d&rsquo;exister et pose des probl\u00e8mes de s\u00e9curit\u00e9 et de sant\u00e9.<\/p><p>Des efforts sont d\u00e9ploy\u00e9s par le gouvernement allemand et des organisations non gouvernementales pour lutter contre la traite des \u00eatres humains et promouvoir les droits des travailleurs du sexe. Des programmes de sensibilisation et d&rsquo;aide sociale sont mis en place pour offrir un soutien aux travailleurs du sexe, et des campagnes de pr\u00e9vention visent \u00e0 sensibiliser sur les risques et les droits dans ce secteur.<\/p><p>Cependant, malgr\u00e9 les tentatives de r\u00e9glementation, la prostitution reste un sujet complexe et controvers\u00e9 en Allemagne, suscitant des d\u00e9bats sur la meilleure approche pour prot\u00e9ger les travailleurs du sexe tout en luttant contre les probl\u00e8mes li\u00e9s \u00e0 l&rsquo;exploitation et \u00e0 la traite des \u00eatres humains.<\/p>\t\t\t\t\t\t\t\t<\/div>\n\t\t\t\t<\/div>\n\t\t\t\t\t<\/div>\n\t\t<\/div>\n\t\t\t\t<div class=\"elementor-column elementor-col-50 elementor-top-column elementor-element elementor-element-9e30364\" data-id=\"9e30364\" data-element_type=\"column\">\n\t\t\t<div class=\"elementor-widget-wrap\">\n\t\t\t\t\t\t\t<\/div>\n\t\t<\/div>\n\t\t\t\t\t<\/div>\n\t\t<\/section>\n\t\t\t\t<section class=\"has-el-gap el-gap-default elementor-section elementor-top-section elementor-element elementor-element-43a5b57 elementor-section-boxed elementor-section-height-default elementor-section-height-default\" data-id=\"43a5b57\" data-element_type=\"section\">\n\t\t\t\t\t\t<div class=\"elementor-container elementor-column-gap-no\">\n\t\t\t\t\t<div class=\"elementor-column elementor-col-100 elementor-top-column elementor-element elementor-element-1334325\" data-id=\"1334325\" data-element_type=\"column\">\n\t\t\t<div class=\"elementor-widget-wrap elementor-element-populated\">\n\t\t\t\t\t\t<div class=\"elementor-element elementor-element-90ed669 elementor-widget elementor-widget-heading\" data-id=\"90ed669\" data-element_type=\"widget\" data-widget_type=\"heading.default\">\n\t\t\t\t<div class=\"elementor-widget-container\">\n\t\t\t\t\t<h2 class=\"elementor-heading-title elementor-size-default\">En Autriche<\/h2>\t\t\t\t<\/div>\n\t\t\t\t<\/div>\n\t\t\t\t\t<\/div>\n\t\t<\/div>\n\t\t\t\t\t<\/div>\n\t\t<\/section>\n\t\t\t\t<section class=\"has-el-gap el-gap-default elementor-section elementor-top-section elementor-element elementor-element-c084914 elementor-section-boxed elementor-section-height-default elementor-section-height-default\" data-id=\"c084914\" data-element_type=\"section\">\n\t\t\t\t\t\t<div class=\"elementor-container elementor-column-gap-no\">\n\t\t\t\t\t<div class=\"elementor-column elementor-col-50 elementor-top-column elementor-element elementor-element-78d2ced\" data-id=\"78d2ced\" data-element_type=\"column\">\n\t\t\t<div class=\"elementor-widget-wrap elementor-element-populated\">\n\t\t\t\t\t\t<div class=\"elementor-element elementor-element-77bb03a elementor-widget elementor-widget-text-editor\" data-id=\"77bb03a\" data-element_type=\"widget\" data-widget_type=\"text-editor.default\">\n\t\t\t\t<div class=\"elementor-widget-container\">\n\t\t\t\t\t\t\t\t\t<p>En Autriche, la prostitution est l\u00e9gale et r\u00e9glement\u00e9e. Depuis 1999, elle est consid\u00e9r\u00e9e comme une profession reconnue, permettant aux travailleurs du sexe d&rsquo;exercer l\u00e9galement leur activit\u00e9 dans certaines zones d\u00e9sign\u00e9es et r\u00e9glement\u00e9es par les autorit\u00e9s locales.<\/p><p>Les travailleurs du sexe doivent s&rsquo;inscrire aupr\u00e8s des autorit\u00e9s comp\u00e9tentes et respecter certaines conditions pour exercer leur m\u00e9tier l\u00e9galement, telles que des examens de sant\u00e9 r\u00e9guliers. L&rsquo;\u00e2ge minimum pour se prostituer en Autriche est de 18 ans.<\/p><p>Bien que la l\u00e9gislation autrichienne vise \u00e0 prot\u00e9ger les droits des travailleurs du sexe et \u00e0 lutter contre la traite des \u00eatres humains, le secteur de la prostitution continue de faire face \u00e0 des d\u00e9fis. Des probl\u00e8mes tels que l&rsquo;exploitation sexuelle et la traite des \u00eatres humains restent des pr\u00e9occupations, en particulier concernant les migrants et les personnes vuln\u00e9rables.<\/p><p>Le gouvernement autrichien travaille en collaboration avec des organisations non gouvernementales pour fournir des services de soutien et d&rsquo;aide aux travailleurs du sexe, notamment en mati\u00e8re de sant\u00e9 et de s\u00e9curit\u00e9. Des programmes de sensibilisation sont \u00e9galement mis en \u0153uvre pour informer les travailleurs du sexe de leurs droits et pour lutter contre les stigmates sociaux li\u00e9s \u00e0 la prostitution.<\/p><p>La prostitution en Autriche reste un sujet complexe et controvers\u00e9, suscitant des d\u00e9bats sur les meilleures approches pour garantir la protection des travailleurs du sexe tout en combattant les probl\u00e8mes li\u00e9s \u00e0 l&rsquo;exploitation et \u00e0 la traite des \u00eatres humains.<\/p>\t\t\t\t\t\t\t\t<\/div>\n\t\t\t\t<\/div>\n\t\t\t\t\t<\/div>\n\t\t<\/div>\n\t\t\t\t<div class=\"elementor-column elementor-col-50 elementor-top-column elementor-element elementor-element-5e9ff7c\" data-id=\"5e9ff7c\" data-element_type=\"column\">\n\t\t\t<div class=\"elementor-widget-wrap\">\n\t\t\t\t\t\t\t<\/div>\n\t\t<\/div>\n\t\t\t\t\t<\/div>\n\t\t<\/section>\n\t\t\t\t<section class=\"has-el-gap el-gap-default elementor-section elementor-top-section elementor-element elementor-element-e7a35ea elementor-section-boxed elementor-section-height-default elementor-section-height-default\" data-id=\"e7a35ea\" data-element_type=\"section\">\n\t\t\t\t\t\t<div class=\"elementor-container elementor-column-gap-no\">\n\t\t\t\t\t<div class=\"elementor-column elementor-col-100 elementor-top-column elementor-element elementor-element-b505f38\" data-id=\"b505f38\" data-element_type=\"column\">\n\t\t\t<div class=\"elementor-widget-wrap elementor-element-populated\">\n\t\t\t\t\t\t<div class=\"elementor-element elementor-element-074639d elementor-widget elementor-widget-heading\" data-id=\"074639d\" data-element_type=\"widget\" data-widget_type=\"heading.default\">\n\t\t\t\t<div class=\"elementor-widget-container\">\n\t\t\t\t\t<h2 class=\"elementor-heading-title elementor-size-default\">Au Pays-Bas<\/h2>\t\t\t\t<\/div>\n\t\t\t\t<\/div>\n\t\t\t\t\t<\/div>\n\t\t<\/div>\n\t\t\t\t\t<\/div>\n\t\t<\/section>\n\t\t\t\t<section class=\"has-el-gap el-gap-default elementor-section elementor-top-section elementor-element elementor-element-3521e77 elementor-section-boxed elementor-section-height-default elementor-section-height-default\" data-id=\"3521e77\" data-element_type=\"section\">\n\t\t\t\t\t\t<div class=\"elementor-container elementor-column-gap-no\">\n\t\t\t\t\t<div class=\"elementor-column elementor-col-50 elementor-top-column elementor-element elementor-element-f5a4178\" data-id=\"f5a4178\" data-element_type=\"column\">\n\t\t\t<div class=\"elementor-widget-wrap elementor-element-populated\">\n\t\t\t\t\t\t<div class=\"elementor-element elementor-element-4a3cafa elementor-widget elementor-widget-text-editor\" data-id=\"4a3cafa\" data-element_type=\"widget\" data-widget_type=\"text-editor.default\">\n\t\t\t\t<div class=\"elementor-widget-container\">\n\t\t\t\t\t\t\t\t\t<p>Aux Pays-Bas, la prostitution est l\u00e9gale depuis 2000, r\u00e9glement\u00e9e et consid\u00e9r\u00e9e comme une profession reconnue. Les travailleurs du sexe peuvent exercer l\u00e9galement leur activit\u00e9 dans des bordels agr\u00e9\u00e9s, les \u00ab\u00a0maisons closes\u00a0\u00bb, ainsi que dans les rues dans certaines zones d\u00e9sign\u00e9es. L&rsquo;\u00e2ge minimum pour se prostituer est de 18 ans.<\/p><p>La r\u00e9glementation vise \u00e0 prot\u00e9ger les droits et la s\u00e9curit\u00e9 des travailleurs du sexe tout en luttant contre la traite des \u00eatres humains et l&rsquo;exploitation sexuelle. Des contr\u00f4les de sant\u00e9 r\u00e9guliers sont requis, et les travailleurs du sexe doivent s&rsquo;inscrire aupr\u00e8s des autorit\u00e9s locales.<\/p><p>Bien que la l\u00e9gislation vise \u00e0 encadrer l&rsquo;industrie du sexe, des pr\u00e9occupations subsistent concernant la traite des \u00eatres humains et le trafic sexuel, surtout parmi les personnes vuln\u00e9rables et les migrants. Le gouvernement n\u00e9erlandais travaille en collaboration avec des organisations sociales pour fournir des services de soutien et des programmes de sortie pour les travailleurs du sexe qui souhaitent changer de profession.<\/p><p>La situation de la prostitution aux Pays-Bas reste un sujet de d\u00e9bat et de controverses, suscitant des discussions sur les meilleures approches pour garantir la protection des travailleurs du sexe tout en luttant contre les probl\u00e8mes li\u00e9s \u00e0 l&rsquo;exploitation et \u00e0 la traite des \u00eatres humains.<\/p><p>.<\/p>\t\t\t\t\t\t\t\t<\/div>\n\t\t\t\t<\/div>\n\t\t\t\t\t<\/div>\n\t\t<\/div>\n\t\t\t\t<div class=\"elementor-column elementor-col-50 elementor-top-column elementor-element elementor-element-ab90be0\" data-id=\"ab90be0\" data-element_type=\"column\">\n\t\t\t<div class=\"elementor-widget-wrap\">\n\t\t\t\t\t\t\t<\/div>\n\t\t<\/div>\n\t\t\t\t\t<\/div>\n\t\t<\/section>\n\t\t\t\t<\/div>\n\t\t","protected":false},"excerpt":{"rendered":"<p>En Europe En Allemangne La prostitution en Allemagne est l\u00e9gale et r\u00e9glement\u00e9e depuis 2002. Elle a cr\u00e9\u00e9 un march\u00e9 du sexe relativement ouvert et visible dans le pays. Les principales zones urbaines, telles que Berlin et Hambourg, abritent des quartiers rouges bien connus o\u00f9 les travailleurs du sexe exercent leur activit\u00e9. La l\u00e9gislation allemande permet<\/p>\n","protected":false},"author":1,"featured_media":0,"parent":0,"menu_order":0,"comment_status":"closed","ping_status":"closed","template":"page-templates\/no-wrapper.php","meta":{"footnotes":""},"class_list":["post-7119","page","type-page","status-publish"],"_links":{"self":[{"href":"https:\/\/pangee.org\/index.php\/wp-json\/wp\/v2\/pages\/7119","targetHints":{"allow":["GET"]}}],"collection":[{"href":"https:\/\/pangee.org\/index.php\/wp-json\/wp\/v2\/pages"}],"about":[{"href":"https:\/\/pangee.org\/index.php\/wp-json\/wp\/v2\/types\/page"}],"author":[{"embeddable":true,"href":"https:\/\/pangee.org\/index.php\/wp-json\/wp\/v2\/users\/1"}],"replies":[{"embeddable":true,"href":"https:\/\/pangee.org\/index.php\/wp-json\/wp\/v2\/comments?post=7119"}],"version-history":[{"count":7,"href":"https:\/\/pangee.org\/index.php\/wp-json\/wp\/v2\/pages\/7119\/revisions"}],"predecessor-version":[{"id":7137,"href":"https:\/\/pangee.org\/index.php\/wp-json\/wp\/v2\/pages\/7119\/revisions\/7137"}],"wp:attachment":[{"href":"https:\/\/pangee.org\/index.php\/wp-json\/wp\/v2\/media?parent=7119"}],"curies":[{"name":"wp","href":"https:\/\/api.w.org\/{rel}","templated":true}]}}