{"id":7450,"date":"2025-10-30T18:29:02","date_gmt":"2025-10-30T17:29:02","guid":{"rendered":"https:\/\/pangee.org\/?page_id=7450"},"modified":"2025-10-30T18:29:02","modified_gmt":"2025-10-30T17:29:02","slug":"livre","status":"publish","type":"page","link":"https:\/\/pangee.org\/index.php\/livre\/","title":{"rendered":"Livre"},"content":{"rendered":"\n<div class=\"wpcf7 no-js\" id=\"wpcf7-f7449-o1\" lang=\"fr-FR\" dir=\"ltr\" data-wpcf7-id=\"7449\">\n<div class=\"screen-reader-response\"><p role=\"status\" aria-live=\"polite\" aria-atomic=\"true\"><\/p> <ul><\/ul><\/div>\n<form action=\"\/index.php\/wp-json\/wp\/v2\/pages\/7450#wpcf7-f7449-o1\" method=\"post\" class=\"wpcf7-form init\" aria-label=\"Formulaire de contact\" novalidate=\"novalidate\" data-status=\"init\">\n<fieldset class=\"hidden-fields-container\"><input type=\"hidden\" name=\"_wpcf7\" value=\"7449\" \/><input type=\"hidden\" name=\"_wpcf7_version\" value=\"6.1.3\" \/><input type=\"hidden\" name=\"_wpcf7_locale\" value=\"fr_FR\" \/><input type=\"hidden\" name=\"_wpcf7_unit_tag\" value=\"wpcf7-f7449-o1\" \/><input type=\"hidden\" name=\"_wpcf7_container_post\" value=\"0\" \/><input type=\"hidden\" name=\"_wpcf7_posted_data_hash\" value=\"\" \/>\n<\/fieldset>\n<div class=\"pangor-book-form\" style=\"max-width:600px; margin:0 auto; font-family: Arial, sans-serif; line-height:1.6; color:#222;\">\n\t<h2 style=\"text-align:center; color:#c19d2b;\">\ud83d\udcd8 OP\u00c9RATION PANG-OR\n\t<\/h2>\n\t<h3 style=\"text-align:center; color:#555;\">De la Paix \u00e0 la Performance\n\t<\/h3>\n\t<p>D\u00e9couvrez <strong>OP\u00c9RATION PANG-OR<\/strong>, un ouvrage unique qui propose une approche scientifique pour \u00e9radiquer la mis\u00e8re et stabiliser la paix mondiale. Avec ce livre, vous apprendrez comment l\u2019<strong>Ing\u00e9nierie de Paix<\/strong> transforme un d\u00e9fi social complexe en solutions concr\u00e8tes et durables.\n\t<\/p>\n\t<p>Choisissez votre langue et obtenez imm\u00e9diatement votre version num\u00e9rique apr\u00e8s paiement s\u00e9curis\u00e9 via PayPal. Chaque exemplaire contient des id\u00e9es puissantes et des strat\u00e9gies in\u00e9dites pour comprendre et agir face aux grands enjeux \u00e9conomiques et sociaux.\n\t<\/p>\n\t<h4 style=\"color:#c19d2b;\">Achetez votre exemplaire :\n\t<\/h4>\n\t<p><span class=\"wpcf7-form-control-wrap\" data-name=\"your-name\"><input size=\"40\" maxlength=\"400\" class=\"wpcf7-form-control wpcf7-text wpcf7-validates-as-required\" aria-required=\"true\" aria-invalid=\"false\" placeholder=\"Votre nom\" value=\"\" type=\"text\" name=\"your-name\" \/><\/span><br \/>\n<span class=\"wpcf7-form-control-wrap\" data-name=\"your-email\"><input size=\"40\" maxlength=\"400\" class=\"wpcf7-form-control wpcf7-email wpcf7-validates-as-required wpcf7-text wpcf7-validates-as-email\" aria-required=\"true\" aria-invalid=\"false\" placeholder=\"Votre e-mail\" value=\"\" type=\"email\" name=\"your-email\" \/><\/span><br \/>\n\t<input class=\"wpcf7-form-control wpcf7-hidden\" value=\"Livre Op\u00e9ration Pang-Or\" type=\"hidden\" name=\"item-name\" \/><br \/>\n\t<input class=\"wpcf7-form-control wpcf7-hidden\" value=\"5.00\" type=\"hidden\" name=\"item-amount\" \/><br \/>\n<input class=\"wpcf7-form-control wpcf7-submit has-spinner\" type=\"submit\" value=\"Acheter le livre (5 \u20ac)\" \/>\n\t<\/p>\n\t<p style=\"margin-top:15px; font-size:0.9em; color:#777;\">Apr\u00e8s paiement, vous serez redirig\u00e9 vers la page de t\u00e9l\u00e9chargement pour acc\u00e9der imm\u00e9diatement \u00e0 votre livre num\u00e9rique.\n\t<\/p>\n<\/div><div class=\"wpcf7-response-output\" aria-hidden=\"true\"><\/div>\n<\/form>\n<\/div>\n\n","protected":false},"excerpt":{"rendered":"","protected":false},"author":1,"featured_media":0,"parent":0,"menu_order":0,"comment_status":"closed","ping_status":"closed","template":"","meta":{"footnotes":""},"class_list":["post-7450","page","type-page","status-publish"],"_links":{"self":[{"href":"https:\/\/pangee.org\/index.php\/wp-json\/wp\/v2\/pages\/7450","targetHints":{"allow":["GET"]}}],"collection":[{"href":"https:\/\/pangee.org\/index.php\/wp-json\/wp\/v2\/pages"}],"about":[{"href":"https:\/\/pangee.org\/index.php\/wp-json\/wp\/v2\/types\/page"}],"author":[{"embeddable":true,"href":"https:\/\/pangee.org\/index.php\/wp-json\/wp\/v2\/users\/1"}],"replies":[{"embeddable":true,"href":"https:\/\/pangee.org\/index.php\/wp-json\/wp\/v2\/comments?post=7450"}],"version-history":[{"count":1,"href":"https:\/\/pangee.org\/index.php\/wp-json\/wp\/v2\/pages\/7450\/revisions"}],"predecessor-version":[{"id":7451,"href":"https:\/\/pangee.org\/index.php\/wp-json\/wp\/v2\/pages\/7450\/revisions\/7451"}],"wp:attachment":[{"href":"https:\/\/pangee.org\/index.php\/wp-json\/wp\/v2\/media?parent=7450"}],"curies":[{"name":"wp","href":"https:\/\/api.w.org\/{rel}","templated":true}]}}